 0. Let c(q) = -16 - 33*q + 17*q - 2*q**3 - 8*q**t + 15*q. What are the prime factors of c(-6)?
2, 67
Suppose 2*o - 5 = -n + 1, -3*n + 19 = 5*o. Suppose 0 = -n*g + 10*g - 2148. Suppose 204 + g = 9*y. What are the prime factors of y?
2, 71
List the prime factors of -8 + -30 + 16 - -34438.
2, 3, 239
Suppose 51*c - 102*c + 75*c = 218736. List the prime factors of c.
2, 3, 7, 31
Suppose -5*s + 86 = 6*p - 10*p, 3*p = -12. Suppose -s*q - 570 = -19*q. What are the prime factors of q?
2, 3, 19
Let l be (-1)/(-5*5/(-1375)). Let x = -43 - l. Suppose 48 + x = 2*d. List the prime factors of d.
2, 3, 5
Let i = 199 + -9. List the prime factors of 11/(11/i) + 1 + 3.
2, 97
Let r = 513 + -363. Let l be ((-3)/((-30)/(-16)))/(60/r). Let w(a) = -3*a**3 + a**2 + 9*a + 5. List the prime factors of w(l).
3, 59
Let s = 56 + -68. What are the prime factors of ((-8)/s - 8/3) + 303?
7, 43
Let j(z) = z**3 - 100*z**2 - 172*z + 214. What are the prime factors of j(103)?
3, 5, 191
Let s = -40 + 39. List the prime factors of (184/12)/(s/(9/(-6))).
23
Let y(r) = 10*r + 52. Let n be y(-4). Suppose -h - 3*h = -208. Let i = h + n. List the prime factors of i.
2
Let y(l) = -l**3 + 13*l**2 + 16*l - 26. Let p be y(14). Suppose 2*k - 4*w - 8 = 86, -5*k + p*w = -227. What are the prime factors of (0 - -2)*(-1 - k/(-10))?
7
Suppose 187*l - 482221 = 1004443 + 821664. List the prime factors of l.
2, 1543
Suppose 3*d + 2*u = u + 57, -2*d + 38 = -2*u. Suppose d = 10*o - 21. Suppose f + 540 = o*f. What are the prime factors of f?
2, 3, 5
List the prime factors of (-1 - 124620/84)*-7.
2, 3, 433
Let w(s) = -47*s**3 - 3*s**2 - 2*s + 2. Let b be w(-2). Let k = -71 + b. What are the prime factors of k?
13, 23
Let x be -3*2*27/(-54). List the prime factors of x + (-9864)/(-10) + (-6)/15.
23, 43
Suppose -48*a + 367945 = -1007015. List the prime factors of a.
5, 17, 337
Suppose 5*p = -2*h - 25, 2*h + 4*p - 6*p = 10. Suppose -25 = -4*v + 5*m, h = -v + 5*m - m + 9. List the prime factors of 282/4 + v/(-10).
2, 5, 7
Let l(s) = 16*s + 43. Let c be l(22). Suppose 0 = -5*y - 2*b - c, y - 3*b - 2*b = -52. Let k = y + 101. What are the prime factors of k?
2, 3
Suppose -3*s = 2*d - 2777, 28*d - 31*d + s + 4149 = 0. What are the prime factors of d?
2, 173
Let t(y) = y**3 - 4*y**2 + y. Let h be t(3). List the prime factors of -2*h/4*958/3.
2, 479
Suppose -5*k - 2*t = -39225, -k - 3*t + 912 = -6920. List the prime factors of k.
7, 19, 59
Let y(n) = 5*n - 22. Let x be y(16). Suppose -h - 6 = -5*c - x, h = 2*c + 22. What are the prime factors of 26/(-65) + 0 + (-554)/c?
5, 11
Let q(m) = 18*m**2 + 12*m - 5867. List the prime factors of q(59).
13, 4423
Let m = 557 + 234. Let t = m + -128. List the prime factors of t.
3, 13, 17
Suppose 0 = 5473*n - 5464*n - 39510. What are the prime factors of n?
2, 5, 439
Let p = 30 - 39. Let l be p*1*(-536)/12. Suppose 221 + l = 7*h. What are the prime factors of h?
89
Let f(p) = p**3 - 3*p**2 - 2*p - 3. Let h be f(4). Suppose 1 + 0 = -4*b - 3*l, 0 = 3*b + h*l - 13. What are the prime factors of (-273)/(-4) + -1*3/b?
3, 23
List the prime factors of 72/(-20)*(18 + -713).
2, 3, 139
Let w(k) = k**2 + 11*k - 52. Let l = 43 + -64. What are the prime factors of w(l)?
2, 79
Suppose 205 = 5*x + 65. Let r be (-27 - 3)*x/35. List the prime factors of (r/30)/((-6)/75).
2, 5
Let t = 190 + -190. Suppose 17*h = -t*h + 2448. List the prime factors of h.
2, 3
Suppose -15*n - 144 = -7*n. Let r = 21 + n. What are the prime factors of r/(-5) + 0 - 3171/(-35)?
2, 3, 5
Let y(p) = 6*p**2 + 5*p - 5. Let z be y(2). Suppose 565 = -24*a + z*a. List the prime factors of a.
113
What are the prime factors of ((-48300)/(-40))/(-3 + (-93)/(-30))?
3, 5, 7, 23
Let d be 6/(-2) - (-18891)/9. Let w be (-2)/10 + d/80. Suppose 2*g + w - 34 = 0. List the prime factors of g.
2
Let j = -33571 + 76446. List the prime factors of j.
5, 7
Let l(c) = 7431*c**2 - 59*c + 59. What are the prime factors of l(1)?
3, 2477
Suppose -5*w - 4 = -7*w. Suppose -w*o + 35 - 29 = 0. Suppose 4*f + 3*p - 14 = 0, 0 = -0*f - 2*f + o*p - 2. What are the prime factors of f?
2
Let a(b) = b**3 - 22*b**2 - 7*b - 10. Let f = 103 - 80. What are the prime factors of a(f)?
2, 179
Suppose 210*c - 1877 - 7635 = 46*c. What are the prime factors of c?
2, 29
Let d = -2118 - -3055. Let y = 1358 - d. List the prime factors of y.
421
Suppose -g + 200 + 65 = 0. Suppose 0 = -2*m - u + g, 0*m - 4*u + 661 = 5*m. What are the prime factors of m?
7, 19
Let m(y) = 7*y - 6. Let g be m(5). Let i = 6137 + -6136. Let j = g + i. What are the prime factors of j?
2, 3, 5
What are the prime factors of 58407*21*(-10)/(-315)?
2, 19469
Let v = -380 + -1691. Let g = -1021 - v. List the prime factors of g.
2, 3, 5, 7
Suppose 0 = 4*z - d - 29, 3*z - 14 = -d + 6. Suppose 0*x - x = -3*a - z, 3*x + a = -9. Let u = x - -14. List the prime factors of u.
2, 3
Let a be 24*(-86 - 1)/(-16 - -14). Let f = -396 + a. What are the prime factors of f?
2, 3
Let x(y) = 10625*y**2 + 2*y. Let t be x(-1). Suppose 9*o + 2478 = t. List the prime factors of o.
5, 181
Suppose 2232 = 8*j - 632. Suppose -1766*u + 1764*u + j = 0. List the prime factors of u.
179
Let w(x) = 2*x**2 - 2*x - 13. Let n be w(8). Let s = n - -176. List the prime factors of s.
5, 11
Suppose -5*b = 5*z - 46255, 19*b + z + 18505 = 21*b. What are the prime factors of b?
2, 3, 257
Let h be 438*10/4 - -4. Let w = h + -653. Suppose -2*b - 90 + w = 2*o, -5*b - o + 906 = 0. What are the prime factors of b?
2, 7, 13
Let n(y) be the first derivative of -3*y**3 + 7*y**2/2 + 2*y - 3. Let q be n(5). Let x = -132 - q. List the prime factors of x.
2, 7
Let n(j) = -657*j**3 + 325*j**3 - 3*j + 330*j**3 - 1 + 6*j**2. Let s be n(4). List the prime factors of (-11808)/s + 4*(-2)/20.
2, 131
Let f be -1 + 2 + (-8)/(-8). Let x(v) = -4*v**2 + 3*v**f + 220 + 4*v - 49. List the prime factors of x(0).
3, 19
Suppose -4*y - 4*w + 18520 = 0, -132*y = -134*y + 3*w + 9235. What are the prime factors of y?
5, 37
Let m(d) = -d**3 - 15*d**2 - 35*d + 36. List the prime factors of m(-19).
3, 5, 11, 13
Let v(p) = 8*p - 1. Suppose -3*i - 2*a + 23 = 2*i, 4*a - 1 = -i. Let s be v(i). Let q = -25 + s. What are the prime factors of q?
2, 7
Suppose -3*o = 4*l - 4*o - 67, -2*l + o = -33. Let d(f) = -f**2 + 17*f - 42. Let t be d(l). Let z = 11 - t. What are the prime factors of z?
53
Let o(l) = 5*l - 59. Let a be o(6). List the prime factors of 175/(-45)*a - 2/(-9).
113
Let q(m) = m**2 - 21*m + 22. Let t be q(20). Let i be ((-300)/(-105))/(t/7). Suppose -2*c - i = 0, 3*h = c + 332 + 33. What are the prime factors of h?
2, 3, 5
Let g = -51 + 90. Let r be (1*g)/(12/(-132)). Let h = -184 - r. List the prime factors of h.
5, 7
Let k(v) = -7899*v**3 - 9*v**2 + 12*v - 3. Let w be k(1). What are the prime factors of (12/(-18) - w/9) + 4?
881
Suppose 5*b - 3 = 2, -2*g = -b - 43. Let y(k) = k - g + 5 - k + k**2 - 6*k. What are the prime factors of y(16)?
11, 13
Let w = -4173 + 8323. What are the prime factors of w?
2, 5, 83
Let b(v) = 348*v**2 + 346*v + 2689. What are the prime factors of b(-8)?
22193
Let s(c) = 114*c + 0 + 9 + 9 - 14. Let z(f) = -f**3 + 8*f**2 + 7*f + 20. Let n be z(9). List the prime factors of s(n).
2, 29
Let n be (2/(-8))/((-6)/(-24)). Let s be (0/(2 - -4))/(0 - n). Suppose -3*a = -m - 190, -a - m + 2*m + 64 = s. List the prime factors of a.
3, 7
Let d = 35 - 25. Suppose 3*r = 5*r - d. Suppose 3*z + 168 = r*z. What are the prime factors of z?
2, 3, 7
Let n be (-4)/(4 + (-14)/3). Let m(w) = -170 + 14*w - 169 + 354. List the prime factors of m(n).
3, 11
Suppose 35 = 2*g + 2*t + 133, -102 = 2*g - 2*t. List the prime factors of (5523/35)/((-15)/g).
2, 263
Suppose 0 = 13*u - 15*u - x + 3809, -4*u - x = -7613. List the prime factors of u.
2, 3, 317
Suppose 43*h - 113770 - 114259 = 0. What are the prime factors of h?
5303
Suppose -81 + 177 = -32*g. Let w(s) = -s. Let a(l) = -8*l**2 - 9*l - 7. Let m(d) = -a(d) - 3*w(d). List the prime factors of m(g).
43
Let g = 19191 + -14244. List the prime factors of g.
3, 17, 97
Suppose 2*c - 538 = -4*k - 3*c + 14890, 5*c = 0. List the prime factors of k.
7, 19, 29
Let x(t) be the first derivative of 5*t**2/2 - 28*t + 3. Let f be x(-8). What are the prime factors of 1473/51 - 8/f?
29
List the prime factors of ((-2244)/1428)/(2/(